[INFO] cloning repository https://github.com/pili2026/cassandra-rs-driver
[INFO] running `Command { std: "git" "-c" "credential.helper=" "-c" "credential.helper=/workspace/cargo-home/bin/git-credential-null" "clone" "--bare" "https://github.com/pili2026/cassandra-rs-driver" "/workspace/cache/git-repos/https%3A%2F%2Fgithub.com%2Fpili2026%2Fcassandra-rs-driver", kill_on_drop: false }`
[INFO] [stderr] Cloning into bare repository '/workspace/cache/git-repos/https%3A%2F%2Fgithub.com%2Fpili2026%2Fcassandra-rs-driver'...
[INFO] running `Command { std: "git" "rev-parse" "HEAD", kill_on_drop: false }`
[INFO] [stdout] 7207b63a4f9c1db877ebc58392220324ab3c7093
[INFO] checking pili2026/cassandra-rs-driver against master#af3c6e733a40e671550e0f0f5aeecaa13772ba56 for pr-74989
[INFO] running `Command { std: "git" "clone" "/workspace/cache/git-repos/https%3A%2F%2Fgithub.com%2Fpili2026%2Fcassandra-rs-driver" "/workspace/builds/worker-9/source", kill_on_drop: false }`
[INFO] [stderr] Cloning into '/workspace/builds/worker-9/source'...
[INFO] [stderr] done.
[INFO] validating manifest of git repo https://github.com/pili2026/cassandra-rs-driver on toolchain af3c6e733a40e671550e0f0f5aeecaa13772ba56
[INFO] running `Command { std: "/workspace/cargo-home/bin/cargo" "+af3c6e733a40e671550e0f0f5aeecaa13772ba56" "read-manifest" "--manifest-path" "Cargo.toml", kill_on_drop: false }`
[INFO] started tweaking git repo https://github.com/pili2026/cassandra-rs-driver
[INFO] finished tweaking git repo https://github.com/pili2026/cassandra-rs-driver
[INFO] tweaked toml for git repo https://github.com/pili2026/cassandra-rs-driver written to /workspace/builds/worker-9/source/Cargo.toml
[INFO] crate git repo https://github.com/pili2026/cassandra-rs-driver already has a lockfile, it will not be regenerated
[INFO] running `Command { std: "/workspace/cargo-home/bin/cargo" "+af3c6e733a40e671550e0f0f5aeecaa13772ba56" "fetch" "--locked" "--manifest-path" "Cargo.toml", kill_on_drop: false }`
[INFO] [stderr]     Updating crates.io index
[INFO] [stderr] error: the lock file /workspace/builds/worker-9/source/Cargo.lock needs to be updated but --locked was passed to prevent this
[INFO] [stderr] If you want to try to generate the lock file without accessing the network, use the --offline flag.
[INFO] the lockfile is outdated, regenerating it
[INFO] running `Command { std: "/workspace/cargo-home/bin/cargo" "+af3c6e733a40e671550e0f0f5aeecaa13772ba56" "generate-lockfile" "--manifest-path" "Cargo.toml" "-Zno-index-update", kill_on_drop: false }`
[INFO] running `Command { std: "/workspace/cargo-home/bin/cargo" "+af3c6e733a40e671550e0f0f5aeecaa13772ba56" "fetch" "--locked" "--manifest-path" "Cargo.toml", kill_on_drop: false }`
[INFO] running `Command { std: "docker" "create" "-v" "/var/lib/crater-agent-workspace/builds/worker-9/target:/opt/rustwide/target:rw,Z" "-v" "/var/lib/crater-agent-workspace/builds/worker-9/source:/opt/rustwide/workdir:ro,Z" "-v" "/var/lib/crater-agent-workspace/cargo-home:/opt/rustwide/cargo-home:ro,Z" "-v" "/var/lib/crater-agent-workspace/rustup-home:/opt/rustwide/rustup-home:ro,Z" "-e" "SOURCE_DIR=/opt/rustwide/workdir" "-e" "CARGO_TARGET_DIR=/opt/rustwide/target" "-e" "CARGO_HOME=/opt/rustwide/cargo-home" "-e" "RUSTUP_HOME=/opt/rustwide/rustup-home" "-w" "/opt/rustwide/workdir" "-m" "1610612736" "--user" "0:0" "--network" "none" "rustops/crates-build-env@sha256:d92eaeed33fa75130ca1ee6c8a01d1ffb62bac859dfdfb3450e3e5d1c0146529" "/opt/rustwide/cargo-home/bin/cargo" "+af3c6e733a40e671550e0f0f5aeecaa13772ba56" "metadata" "--no-deps" "--format-version=1", kill_on_drop: false }`
[INFO] [stdout] 57ac5f100d8ce56828984b26a347e4a2d8ae0c77c11c1b1c002ce92913413e64
[INFO] [stderr] WARNING: Your kernel does not support swap limit capabilities or the cgroup is not mounted. Memory limited without swap.
[INFO] running `Command { std: "docker" "start" "-a" "57ac5f100d8ce56828984b26a347e4a2d8ae0c77c11c1b1c002ce92913413e64", kill_on_drop: false }`
[INFO] running `Command { std: "docker" "inspect" "57ac5f100d8ce56828984b26a347e4a2d8ae0c77c11c1b1c002ce92913413e64", kill_on_drop: false }`
[INFO] running `Command { std: "docker" "rm" "-f" "57ac5f100d8ce56828984b26a347e4a2d8ae0c77c11c1b1c002ce92913413e64", kill_on_drop: false }`
[INFO] [stdout] 57ac5f100d8ce56828984b26a347e4a2d8ae0c77c11c1b1c002ce92913413e64
[INFO] running `Command { std: "docker" "create" "-v" "/var/lib/crater-agent-workspace/builds/worker-9/target:/opt/rustwide/target:rw,Z" "-v" "/var/lib/crater-agent-workspace/builds/worker-9/source:/opt/rustwide/workdir:ro,Z" "-v" "/var/lib/crater-agent-workspace/cargo-home:/opt/rustwide/cargo-home:ro,Z" "-v" "/var/lib/crater-agent-workspace/rustup-home:/opt/rustwide/rustup-home:ro,Z" "-e" "SOURCE_DIR=/opt/rustwide/workdir" "-e" "CARGO_TARGET_DIR=/opt/rustwide/target" "-e" "CARGO_INCREMENTAL=0" "-e" "RUST_BACKTRACE=full" "-e" "RUSTFLAGS=--cap-lints=forbid" "-e" "CARGO_HOME=/opt/rustwide/cargo-home" "-e" "RUSTUP_HOME=/opt/rustwide/rustup-home" "-w" "/opt/rustwide/workdir" "-m" "1610612736" "--user" "0:0" "--network" "none" "rustops/crates-build-env@sha256:d92eaeed33fa75130ca1ee6c8a01d1ffb62bac859dfdfb3450e3e5d1c0146529" "/opt/rustwide/cargo-home/bin/cargo" "+af3c6e733a40e671550e0f0f5aeecaa13772ba56" "check" "--frozen" "--all" "--all-targets" "--message-format=json", kill_on_drop: false }`
[INFO] [stderr] WARNING: Your kernel does not support swap limit capabilities or the cgroup is not mounted. Memory limited without swap.
[INFO] [stdout] 2cc29b51fb4f8e0bed4ab8ad217ded9a662a99c29d8ea83dca78fdba8354e895
[INFO] running `Command { std: "docker" "start" "-a" "2cc29b51fb4f8e0bed4ab8ad217ded9a662a99c29d8ea83dca78fdba8354e895", kill_on_drop: false }`
[INFO] [stderr]    Compiling libc v0.2.77
[INFO] [stderr]    Compiling autocfg v1.0.1
[INFO] [stderr]    Compiling log v0.4.11
[INFO] [stderr]    Compiling byteorder v1.3.4
[INFO] [stderr]    Compiling proc-macro2 v1.0.21
[INFO] [stderr]    Compiling maybe-uninit v2.0.0
[INFO] [stderr]    Compiling unicode-xid v0.2.1
[INFO] [stderr]    Compiling syn v1.0.41
[INFO] [stderr]    Compiling autocfg v0.1.7
[INFO] [stderr]    Compiling memchr v2.3.3
[INFO] [stderr]     Checking scopeguard v1.1.0
[INFO] [stderr]    Compiling proc-macro2 v0.4.30
[INFO] [stderr]     Checking fnv v1.0.7
[INFO] [stderr]    Compiling unicode-xid v0.1.0
[INFO] [stderr]    Compiling syn v0.15.44
[INFO] [stderr]    Compiling getrandom v0.1.15
[INFO] [stderr]    Compiling serde_derive v1.0.116
[INFO] [stderr]    Compiling serde v1.0.116
[INFO] [stderr]     Checking tinyvec v0.3.4
[INFO] [stderr]    Compiling lazy_static v1.4.0
[INFO] [stderr]     Checking adler v0.2.3
[INFO] [stderr]    Compiling cc v1.0.59
[INFO] [stderr]     Checking gimli v0.22.0
[INFO] [stderr]    Compiling regex-syntax v0.6.18
[INFO] [stderr]     Checking object v0.20.0
[INFO] [stderr]     Checking itoa v0.4.6
[INFO] [stderr]    Compiling failure_derive v0.1.8
[INFO] [stderr]     Checking linked-hash-map v0.5.3
[INFO] [stderr]    Compiling cfg-if v0.1.10
[INFO] [stderr]    Compiling ryu v1.0.5
[INFO] [stderr]    Compiling proc-macro-hack v0.5.18
[INFO] [stderr]     Checking copyless v0.1.5
[INFO] [stderr]     Checking match_cfg v0.1.0
[INFO] [stderr]    Compiling crc32fast v1.2.0
[INFO] [stderr]    Compiling serde_json v1.0.57
[INFO] [stderr]     Checking hashbrown v0.9.0
[INFO] [stderr]    Compiling httparse v1.3.4
[INFO] [stderr]    Compiling encoding_rs v0.8.24
[INFO] [stderr]     Checking ppv-lite86 v0.2.9
[INFO] [stderr]     Checking arc-swap v0.4.7
[INFO] [stderr]     Checking dtoa v0.4.6
[INFO] [stderr]    Compiling version_check v0.1.5
[INFO] [stderr]    Compiling version_check v0.9.2
[INFO] [stderr]     Checking mime v0.3.16
[INFO] [stderr]     Checking rustc-serialize v0.3.24
[INFO] [stderr]    Compiling slog v2.5.2
[INFO] [stderr]    Compiling cassandra-cpp-sys v0.12.1
[INFO] [stderr]     Checking bitflags v0.7.0
[INFO] [stderr]    Compiling cassandra-cpp v0.14.1
[INFO] [stderr]     Checking lazy_static v0.2.11
[INFO] [stderr]     Checking hashbrown v0.3.1
[INFO] [stderr]     Checking rust-ini v0.13.0
[INFO] [stderr]     Checking uuid v0.5.1
[INFO] [stderr]     Checking multizip v0.1.0
[INFO] [stderr]     Checking actix-service v0.4.2
[INFO] [stderr]     Checking thread_local v1.0.1
[INFO] [stderr]     Checking crossbeam-utils v0.6.6
[INFO] [stderr]     Checking tokio-sync v0.1.8
[INFO] [stderr]     Checking lock_api v0.3.4
[INFO] [stderr]     Checking lock_api v0.2.0
[INFO] [stderr]    Compiling crossbeam-utils v0.7.2
[INFO] [stderr]    Compiling miniz_oxide v0.4.2
[INFO] [stderr]    Compiling num-traits v0.2.12
[INFO] [stderr]    Compiling num-integer v0.1.43
[INFO] [stderr]    Compiling indexmap v1.6.0
[INFO] [stderr]     Checking unicode-normalization v0.1.13
[INFO] [stderr]     Checking lru-cache v0.1.2
[INFO] [stderr]     Checking yaml-rust v0.4.4
[INFO] [stderr]    Compiling rand_chacha v0.1.1
[INFO] [stderr]    Compiling rand_pcg v0.1.2
[INFO] [stderr]    Compiling rand v0.6.5
[INFO] [stderr]    Compiling hashbrown v0.6.3
[INFO] [stderr]    Compiling decimal v1.0.1
[INFO] [stderr]     Checking serde_test v0.8.23
[INFO] [stderr]    Compiling nom v4.2.3
[INFO] [stderr]    Compiling error-chain v0.12.4
[INFO] [stderr]     Checking crossbeam-channel v0.3.9
[INFO] [stderr]    Compiling parking_lot_core v0.5.0
[INFO] [stderr]    Compiling parking_lot v0.8.0
[INFO] [stderr]     Checking smallvec v0.6.13
[INFO] [stderr]     Checking aho-corasick v0.7.13
[INFO] [stderr]     Checking linked-hash-map v0.3.0
[INFO] [stderr]    Compiling miniz-sys v0.1.12
[INFO] [stderr]    Compiling brotli-sys v0.3.2
[INFO] [stderr]    Compiling quote v0.6.13
[INFO] [stderr]     Checking idna v0.1.5
[INFO] [stderr]     Checking idna v0.2.0
[INFO] [stderr]    Compiling quote v1.0.7
[INFO] [stderr]     Checking base64 v0.10.1
[INFO] [stderr]     Checking eui48 v0.4.6
[INFO] [stderr]     Checking iovec v0.1.4
[INFO] [stderr]     Checking num_cpus v1.13.0
[INFO] [stderr]     Checking net2 v0.2.35
[INFO] [stderr]     Checking rand_os v0.1.3
[INFO] [stderr]     Checking socket2 v0.3.15
[INFO] [stderr]     Checking time v0.1.44
[INFO] [stderr]     Checking hostname v0.3.1
[INFO] [stderr]     Checking signal-hook-registry v1.2.1
[INFO] [stderr]     Checking rand v0.4.6
[INFO] [stderr]     Checking addr2line v0.13.0
[INFO] [stderr]     Checking tokio-executor v0.1.10
[INFO] [stderr]     Checking parking_lot_core v0.6.2
[INFO] [stderr]    Compiling const-random-macro v0.1.8
[INFO] [stderr]     Checking bytes v0.4.12
[INFO] [stderr]     Checking regex v1.3.9
[INFO] [stderr]     Checking threadpool v1.8.1
[INFO] [stderr]     Checking url v1.7.2
[INFO] [stderr]     Checking resolv-conf v0.6.3
[INFO] [stderr]     Checking rand_core v0.5.1
[INFO] [stderr]     Checking mio v0.6.22
[INFO] [stderr]     Checking url v2.1.1
[INFO] [stderr]     Checking tokio-timer v0.2.13
[INFO] [stderr]     Checking tokio-current-thread v0.1.7
[INFO] [stderr]     Checking num-traits v0.1.43
[INFO] [stderr]     Checking backtrace v0.3.50
[INFO] [stderr]     Checking parking_lot v0.9.0
[INFO] [stderr]     Checking tokio-io v0.1.13
[INFO] [stderr]     Checking http v0.1.21
[INFO] [stderr]     Checking string v0.2.1
[INFO] [stderr]     Checking rand v0.3.23
[INFO] [stderr]     Checking rand_chacha v0.2.2
[INFO] [stderr]     Checking const-random v0.1.8
[INFO] [stderr]     Checking flate2 v1.0.17
[INFO] [stderr]     Checking chrono v0.4.15
[INFO] [stderr]     Checking libmath v0.2.1
[INFO] [stderr]     Checking serde-hjson v0.8.2
[INFO] [stderr]     Checking ahash v0.2.18
[INFO] [stderr]     Checking tokio-codec v0.1.2
[INFO] [stderr]     Checking tokio-reactor v0.1.12
[INFO] [stderr]     Checking mio-uds v0.6.8
[INFO] [stderr]     Checking rand v0.7.3
[INFO] [stderr]     Checking actix-codec v0.1.2
[INFO] [stderr]     Checking tokio-tcp v0.1.4
[INFO] [stderr]     Checking tokio-udp v0.1.6
[INFO] [stderr]     Checking tokio-signal v0.2.9
[INFO] [stderr]     Checking actix-utils v0.4.7
[INFO] [stderr]     Checking actix-server-config v0.1.2
[INFO] [stderr]     Checking fern v0.5.9
[INFO] [stderr]     Checking h2 v0.1.26
[INFO] [stderr]     Checking brotli2 v0.3.2
[INFO] [stderr]    Compiling synstructure v0.12.4
[INFO] [stderr]    Compiling derive_more v0.15.0
[INFO] [stderr]    Compiling enum-as-inner v0.2.1
[INFO] [stderr]    Compiling actix_derive v0.4.0
[INFO] [stderr]    Compiling derive_more v0.14.1
[INFO] [stderr]    Compiling actix-web-codegen v0.1.3
[INFO] [stderr]     Checking failure v0.1.8
[INFO] [stderr]     Checking trust-dns-proto v0.7.4
[INFO] [stderr]     Checking actix-threadpool v0.1.2
[INFO] [stderr]     Checking trust-dns-resolver v0.11.1
[INFO] [stderr]     Checking actix-rt v0.2.6
[INFO] [stderr]     Checking actix-server v0.6.1
[INFO] [stderr]     Checking actix-testing v0.1.0
[INFO] [stderr]     Checking actix-connect v0.2.5
[INFO] [stderr]     Checking serde_urlencoded v0.6.1
[INFO] [stderr]     Checking toml v0.4.10
[INFO] [stderr]     Checking actix-router v0.1.5
[INFO] [stderr]     Checking actix-http v0.2.11
[INFO] [stderr]     Checking config v0.9.3
[INFO] [stderr]     Checking awc v0.2.8
[INFO] [stderr]     Checking actix v0.8.3
[INFO] [stderr]     Checking actix-web v1.0.9
[INFO] [stderr]     Checking cassandra_lib_myself v0.1.0 (/opt/rustwide/workdir)
[INFO] [stdout] error[E0433]: failed to resolve: maybe a missing crate `chrono`?
[INFO] [stdout]   --> src/main.rs:38:5
[INFO] [stdout]    |
[INFO] [stdout] 38 | use chrono::prelude::*;
[INFO] [stdout]    |     ^^^^^^ maybe a missing crate `chrono`?
[INFO] [stdout] 
[INFO] [stdout] 
[INFO] [stdout] error[E0433]: failed to resolve: maybe a missing crate `chrono`?
[INFO] [stdout]  --> src/function_util.rs:2:5
[INFO] [stdout]   |
[INFO] [stdout] 2 | use chrono::prelude::*;
[INFO] [stdout]   |     ^^^^^^ maybe a missing crate `chrono`?
[INFO] [stdout] 
[INFO] [stdout] 
[INFO] [stdout] error[E0432]: unresolved imports `time`, `chrono::prelude::*`
[INFO] [stdout]  --> src/function_util.rs:1:5
[INFO] [stdout]   |
[INFO] [stdout] 1 | use time::Duration;
[INFO] [stdout]   |     ^^^^
[INFO] [stdout]   |     |
[INFO] [stdout]   |     unresolved import
[INFO] [stdout]   |     help: a similar path exists: `std::time`
[INFO] [stdout] 2 | use chrono::prelude::*;
[INFO] [stdout]   |     ^^^^^^^^^^^^^^^^^^
[INFO] [stdout] 
[INFO] [stdout] 
[INFO] [stdout] error[E0432]: unresolved import `math`
[INFO] [stdout]  --> src/function_util.rs:3:5
[INFO] [stdout]   |
[INFO] [stdout] 3 | use math::round;
[INFO] [stdout]   |     ^^^^ maybe a missing crate `math`?
[INFO] [stdout] 
[INFO] [stdout] 
[INFO] [stdout] error[E0432]: unresolved import `math`
[INFO] [stdout]   --> src/main.rs:39:5
[INFO] [stdout]    |
[INFO] [stdout] 39 | use math::round;
[INFO] [stdout]    |     ^^^^ maybe a missing crate `math`?
[INFO] [stdout] 
[INFO] [stdout] 
[INFO] [stdout] error[E0433]: failed to resolve: maybe a missing crate `core`?
[INFO] [stdout]   --> src/main.rs:49:5
[INFO] [stdout]    |
[INFO] [stdout] 49 | use core::fmt::Debug;
[INFO] [stdout]    |     ^^^^ maybe a missing crate `core`?
[INFO] [stdout] 
[INFO] [stdout] 
[INFO] [stdout] error[E0432]: unresolved imports `time`, `core::fmt::Debug`
[INFO] [stdout]   --> src/main.rs:40:5
[INFO] [stdout]    |
[INFO] [stdout] 40 | use time::Duration;
[INFO] [stdout]    |     ^^^^
[INFO] [stdout]    |     |
[INFO] [stdout]    |     unresolved import
[INFO] [stdout]    |     help: a similar path exists: `std::time`
[INFO] [stdout] ...
[INFO] [stdout] 49 | use core::fmt::Debug;
[INFO] [stdout]    |     ^^^^^^^^^^^^^^^^
[INFO] [stdout] 
[INFO] [stdout] 
[INFO] [stdout] error[E0432]: unresolved import `uuid`
[INFO] [stdout]   --> src/main.rs:51:5
[INFO] [stdout]    |
[INFO] [stdout] 51 | use uuid::Uuid;
[INFO] [stdout]    |     ^^^^ maybe a missing crate `uuid`?
[INFO] [stdout] 
[INFO] [stdout] 
[INFO] [stdout] error[E0433]: failed to resolve: use of undeclared type or module `NaiveDateTime`
[INFO] [stdout]    --> src/function_util.rs:169:28
[INFO] [stdout]     |
[INFO] [stdout] 169 |     let s_naive_datetime = NaiveDateTime::from_timestamp(start_day, 0);
[INFO] [stdout]     |                            ^^^^^^^^^^^^^ use of undeclared type or module `NaiveDateTime`
[INFO] [stdout] 
[INFO] [stdout] 
[INFO] [stdout] error[E0433]: failed to resolve: use of undeclared type or module `DateTime`
[INFO] [stdout]    --> src/function_util.rs:170:41
[INFO] [stdout]     |
[INFO] [stdout] 170 |     let start_datetime: DateTime<Utc> = DateTime::from_utc(s_naive_datetime, Utc);
[INFO] [stdout]     |                                         ^^^^^^^^ use of undeclared type or module `DateTime`
[INFO] [stdout] 
[INFO] [stdout] 
[INFO] [stdout] error[E0433]: failed to resolve: use of undeclared type or module `NaiveDateTime`
[INFO] [stdout]    --> src/function_util.rs:174:28
[INFO] [stdout]     |
[INFO] [stdout] 174 |     let e_naive_datetime = NaiveDateTime::from_timestamp(end_day, 0);
[INFO] [stdout]     |                            ^^^^^^^^^^^^^ use of undeclared type or module `NaiveDateTime`
[INFO] [stdout] 
[INFO] [stdout] 
[INFO] [stdout] error[E0433]: failed to resolve: use of undeclared type or module `DateTime`
[INFO] [stdout]    --> src/function_util.rs:175:39
[INFO] [stdout]     |
[INFO] [stdout] 175 |     let end_datetime: DateTime<Utc> = DateTime::from_utc(e_naive_datetime, Utc);
[INFO] [stdout]     |                                       ^^^^^^^^ use of undeclared type or module `DateTime`
[INFO] [stdout] 
[INFO] [stdout] 
[INFO] [stdout] error[E0412]: cannot find type `DateTime` in this scope
[INFO] [stdout]    --> src/function_util.rs:170:25
[INFO] [stdout]     |
[INFO] [stdout] 170 |     let start_datetime: DateTime<Utc> = DateTime::from_utc(s_naive_datetime, Utc);
[INFO] [stdout]     |                         ^^^^^^^^ not found in this scope
[INFO] [stdout] 
[INFO] [stdout] 
[INFO] [stdout] error[E0412]: cannot find type `Utc` in this scope
[INFO] [stdout]    --> src/function_util.rs:170:34
[INFO] [stdout]     |
[INFO] [stdout] 167 | pub fn get_time_slices(start_time: i64, end_time: i64) -> (Vec<String>, Vec<String>, Vec<String>) {
[INFO] [stdout]     |                       - help: you might be missing a type parameter: `<Utc>`
[INFO] [stdout] ...
[INFO] [stdout] 170 |     let start_datetime: DateTime<Utc> = DateTime::from_utc(s_naive_datetime, Utc);
[INFO] [stdout]     |                                  ^^^ not found in this scope
[INFO] [stdout] 
[INFO] [stdout] 
[INFO] [stdout] error[E0425]: cannot find value `Utc` in this scope
[INFO] [stdout]    --> src/function_util.rs:170:78
[INFO] [stdout]     |
[INFO] [stdout] 170 |     let start_datetime: DateTime<Utc> = DateTime::from_utc(s_naive_datetime, Utc);
[INFO] [stdout]     |                                                                              ^^^ not found in this scope
[INFO] [stdout] 
[INFO] [stdout] 
[INFO] [stdout] error[E0412]: cannot find type `DateTime` in this scope
[INFO] [stdout]    --> src/function_util.rs:175:23
[INFO] [stdout]     |
[INFO] [stdout] 175 |     let end_datetime: DateTime<Utc> = DateTime::from_utc(e_naive_datetime, Utc);
[INFO] [stdout]     |                       ^^^^^^^^ not found in this scope
[INFO] [stdout] 
[INFO] [stdout] 
[INFO] [stdout] error[E0412]: cannot find type `Utc` in this scope
[INFO] [stdout]    --> src/function_util.rs:175:32
[INFO] [stdout]     |
[INFO] [stdout] 167 | pub fn get_time_slices(start_time: i64, end_time: i64) -> (Vec<String>, Vec<String>, Vec<String>) {
[INFO] [stdout]     |                       - help: you might be missing a type parameter: `<Utc>`
[INFO] [stdout] ...
[INFO] [stdout] 175 |     let end_datetime: DateTime<Utc> = DateTime::from_utc(e_naive_datetime, Utc);
[INFO] [stdout]     |                                ^^^ not found in this scope
[INFO] [stdout] 
[INFO] [stdout] 
[INFO] [stdout] error[E0425]: cannot find value `Utc` in this scope
[INFO] [stdout]    --> src/function_util.rs:175:76
[INFO] [stdout]     |
[INFO] [stdout] 175 |     let end_datetime: DateTime<Utc> = DateTime::from_utc(e_naive_datetime, Utc);
[INFO] [stdout]     |                                                                            ^^^ not found in this scope
[INFO] [stdout] 
[INFO] [stdout] 
[INFO] [stdout] error[E0412]: cannot find type `DateTime` in this scope
[INFO] [stdout]    --> src/function_util.rs:191:31
[INFO] [stdout]     |
[INFO] [stdout] 191 |             let calendar_day :DateTime<Utc> = start_datetime + Duration::days(i);
[INFO] [stdout]     |                               ^^^^^^^^ not found in this scope
[INFO] [stdout] 
[INFO] [stdout] 
[INFO] [stdout] error[E0412]: cannot find type `Utc` in this scope
[INFO] [stdout]    --> src/function_util.rs:191:40
[INFO] [stdout]     |
[INFO] [stdout] 167 | pub fn get_time_slices(start_time: i64, end_time: i64) -> (Vec<String>, Vec<String>, Vec<String>) {
[INFO] [stdout]     |                       - help: you might be missing a type parameter: `<Utc>`
[INFO] [stdout] ...
[INFO] [stdout] 191 |             let calendar_day :DateTime<Utc> = start_datetime + Duration::days(i);
[INFO] [stdout]     |                                        ^^^ not found in this scope
[INFO] [stdout] 
[INFO] [stdout] 
[INFO] [stdout] error[E0425]: cannot find value `Utc` in this scope
[INFO] [stdout]    --> src/main.rs:995:24
[INFO] [stdout]     |
[INFO] [stdout] 995 |             let time = Utc.datetime_from_str(time_string.as_str(), "%Y-%m-%d %H:%M:%S").unwrap();
[INFO] [stdout]     |                        ^^^ not found in this scope
[INFO] [stdout] 
[INFO] [stdout] 
[INFO] [stdout] error[E0433]: failed to resolve: maybe a missing crate `chrono`?
[INFO] [stdout]   --> src/main.rs:38:5
[INFO] [stdout]    |
[INFO] [stdout] 38 | use chrono::prelude::*;
[INFO] [stdout]    |     ^^^^^^ maybe a missing crate `chrono`?
[INFO] [stdout] 
[INFO] [stdout] 
[INFO] [stdout] error[E0433]: failed to resolve: maybe a missing crate `chrono`?
[INFO] [stdout]  --> src/function_util.rs:2:5
[INFO] [stdout]   |
[INFO] [stdout] 2 | use chrono::prelude::*;
[INFO] [stdout]   |     ^^^^^^ maybe a missing crate `chrono`?
[INFO] [stdout] 
[INFO] [stdout] 
[INFO] [stdout] error[E0432]: unresolved imports `time`, `chrono::prelude::*`
[INFO] [stdout]  --> src/function_util.rs:1:5
[INFO] [stdout]   |
[INFO] [stdout] 1 | use time::Duration;
[INFO] [stdout]   |     ^^^^
[INFO] [stdout]   |     |
[INFO] [stdout]   |     unresolved import
[INFO] [stdout]   |     help: a similar path exists: `std::time`
[INFO] [stdout] 2 | use chrono::prelude::*;
[INFO] [stdout]   |     ^^^^^^^^^^^^^^^^^^
[INFO] [stdout] 
[INFO] [stdout] 
[INFO] [stdout] error[E0432]: unresolved import `math`
[INFO] [stdout]  --> src/function_util.rs:3:5
[INFO] [stdout]   |
[INFO] [stdout] 3 | use math::round;
[INFO] [stdout]   |     ^^^^ maybe a missing crate `math`?
[INFO] [stdout] 
[INFO] [stdout] 
[INFO] [stdout] error[E0432]: unresolved import `math`
[INFO] [stdout]   --> src/main.rs:39:5
[INFO] [stdout]    |
[INFO] [stdout] 39 | use math::round;
[INFO] [stdout]    |     ^^^^ maybe a missing crate `math`?
[INFO] [stdout] 
[INFO] [stdout] 
[INFO] [stdout] error[E0433]: failed to resolve: maybe a missing crate `core`?
[INFO] [stdout]   --> src/main.rs:49:5
[INFO] [stdout]    |
[INFO] [stdout] 49 | use core::fmt::Debug;
[INFO] [stdout]    |     ^^^^ maybe a missing crate `core`?
[INFO] [stdout] 
[INFO] [stdout] 
[INFO] [stdout] error[E0432]: unresolved imports `time`, `core::fmt::Debug`
[INFO] [stdout]   --> src/main.rs:40:5
[INFO] [stdout]    |
[INFO] [stdout] 40 | use time::Duration;
[INFO] [stdout]    |     ^^^^
[INFO] [stdout]    |     |
[INFO] [stdout]    |     unresolved import
[INFO] [stdout]    |     help: a similar path exists: `std::time`
[INFO] [stdout] ...
[INFO] [stdout] 49 | use core::fmt::Debug;
[INFO] [stdout]    |     ^^^^^^^^^^^^^^^^
[INFO] [stdout] 
[INFO] [stdout] 
[INFO] [stdout] error[E0432]: unresolved import `uuid`
[INFO] [stdout]   --> src/main.rs:51:5
[INFO] [stdout]    |
[INFO] [stdout] 51 | use uuid::Uuid;
[INFO] [stdout]    |     ^^^^ maybe a missing crate `uuid`?
[INFO] [stdout] 
[INFO] [stdout] 
[INFO] [stdout] error[E0433]: failed to resolve: use of undeclared type or module `NaiveDateTime`
[INFO] [stdout]    --> src/function_util.rs:169:28
[INFO] [stdout]     |
[INFO] [stdout] 169 |     let s_naive_datetime = NaiveDateTime::from_timestamp(start_day, 0);
[INFO] [stdout]     |                            ^^^^^^^^^^^^^ use of undeclared type or module `NaiveDateTime`
[INFO] [stdout] 
[INFO] [stdout] 
[INFO] [stdout] error[E0433]: failed to resolve: use of undeclared type or module `DateTime`
[INFO] [stdout]    --> src/function_util.rs:170:41
[INFO] [stdout]     |
[INFO] [stdout] 170 |     let start_datetime: DateTime<Utc> = DateTime::from_utc(s_naive_datetime, Utc);
[INFO] [stdout]     |                                         ^^^^^^^^ use of undeclared type or module `DateTime`
[INFO] [stdout] 
[INFO] [stdout] 
[INFO] [stdout] error[E0433]: failed to resolve: use of undeclared type or module `NaiveDateTime`
[INFO] [stdout]    --> src/function_util.rs:174:28
[INFO] [stdout]     |
[INFO] [stdout] 174 |     let e_naive_datetime = NaiveDateTime::from_timestamp(end_day, 0);
[INFO] [stdout]     |                            ^^^^^^^^^^^^^ use of undeclared type or module `NaiveDateTime`
[INFO] [stdout] 
[INFO] [stdout] 
[INFO] [stdout] error[E0433]: failed to resolve: use of undeclared type or module `DateTime`
[INFO] [stdout]    --> src/function_util.rs:175:39
[INFO] [stdout]     |
[INFO] [stdout] 175 |     let end_datetime: DateTime<Utc> = DateTime::from_utc(e_naive_datetime, Utc);
[INFO] [stdout]     |                                       ^^^^^^^^ use of undeclared type or module `DateTime`
[INFO] [stdout] 
[INFO] [stdout] 
[INFO] [stdout] error[E0412]: cannot find type `DateTime` in this scope
[INFO] [stdout]    --> src/function_util.rs:170:25
[INFO] [stdout]     |
[INFO] [stdout] 170 |     let start_datetime: DateTime<Utc> = DateTime::from_utc(s_naive_datetime, Utc);
[INFO] [stdout]     |                         ^^^^^^^^ not found in this scope
[INFO] [stdout] 
[INFO] [stdout] 
[INFO] [stdout] error[E0412]: cannot find type `Utc` in this scope
[INFO] [stdout]    --> src/function_util.rs:170:34
[INFO] [stdout]     |
[INFO] [stdout] 167 | pub fn get_time_slices(start_time: i64, end_time: i64) -> (Vec<String>, Vec<String>, Vec<String>) {
[INFO] [stdout]     |                       - help: you might be missing a type parameter: `<Utc>`
[INFO] [stdout] ...
[INFO] [stdout] 170 |     let start_datetime: DateTime<Utc> = DateTime::from_utc(s_naive_datetime, Utc);
[INFO] [stdout]     |                                  ^^^ not found in this scope
[INFO] [stdout] 
[INFO] [stdout] 
[INFO] [stdout] error[E0425]: cannot find value `Utc` in this scope
[INFO] [stdout]    --> src/function_util.rs:170:78
[INFO] [stdout]     |
[INFO] [stdout] 170 |     let start_datetime: DateTime<Utc> = DateTime::from_utc(s_naive_datetime, Utc);
[INFO] [stdout]     |                                                                              ^^^ not found in this scope
[INFO] [stdout] 
[INFO] [stdout] 
[INFO] [stdout] error[E0412]: cannot find type `DateTime` in this scope
[INFO] [stdout]    --> src/function_util.rs:175:23
[INFO] [stdout]     |
[INFO] [stdout] 175 |     let end_datetime: DateTime<Utc> = DateTime::from_utc(e_naive_datetime, Utc);
[INFO] [stdout]     |                       ^^^^^^^^ not found in this scope
[INFO] [stdout] 
[INFO] [stdout] 
[INFO] [stdout] error[E0412]: cannot find type `Utc` in this scope
[INFO] [stdout]    --> src/function_util.rs:175:32
[INFO] [stdout]     |
[INFO] [stdout] 167 | pub fn get_time_slices(start_time: i64, end_time: i64) -> (Vec<String>, Vec<String>, Vec<String>) {
[INFO] [stdout]     |                       - help: you might be missing a type parameter: `<Utc>`
[INFO] [stdout] ...
[INFO] [stdout] 175 |     let end_datetime: DateTime<Utc> = DateTime::from_utc(e_naive_datetime, Utc);
[INFO] [stdout]     |                                ^^^ not found in this scope
[INFO] [stdout] 
[INFO] [stdout] 
[INFO] [stdout] error[E0425]: cannot find value `Utc` in this scope
[INFO] [stdout]    --> src/function_util.rs:175:76
[INFO] [stdout]     |
[INFO] [stdout] 175 |     let end_datetime: DateTime<Utc> = DateTime::from_utc(e_naive_datetime, Utc);
[INFO] [stdout]     |                                                                            ^^^ not found in this scope
[INFO] [stdout] 
[INFO] [stdout] 
[INFO] [stdout] error[E0412]: cannot find type `DateTime` in this scope
[INFO] [stdout]    --> src/function_util.rs:191:31
[INFO] [stdout]     |
[INFO] [stdout] 191 |             let calendar_day :DateTime<Utc> = start_datetime + Duration::days(i);
[INFO] [stdout]     |                               ^^^^^^^^ not found in this scope
[INFO] [stdout] 
[INFO] [stdout] 
[INFO] [stdout] error[E0412]: cannot find type `Utc` in this scope
[INFO] [stdout]    --> src/function_util.rs:191:40
[INFO] [stdout]     |
[INFO] [stdout] 167 | pub fn get_time_slices(start_time: i64, end_time: i64) -> (Vec<String>, Vec<String>, Vec<String>) {
[INFO] [stdout]     |                       - help: you might be missing a type parameter: `<Utc>`
[INFO] [stdout] ...
[INFO] [stdout] 191 |             let calendar_day :DateTime<Utc> = start_datetime + Duration::days(i);
[INFO] [stdout]     |                                        ^^^ not found in this scope
[INFO] [stdout] 
[INFO] [stdout] 
[INFO] [stdout] error[E0425]: cannot find value `Utc` in this scope
[INFO] [stdout]    --> src/main.rs:995:24
[INFO] [stdout]     |
[INFO] [stdout] 995 |             let time = Utc.datetime_from_str(time_string.as_str(), "%Y-%m-%d %H:%M:%S").unwrap();
[INFO] [stdout]     |                        ^^^ not found in this scope
[INFO] [stdout] 
[INFO] [stdout] 
[INFO] [stdout] error: aborting due to 21 previous errors
[INFO] [stdout] 
[INFO] [stdout] 
[INFO] [stdout] Some errors have detailed explanations: E0412, E0425, E0432, E0433.
[INFO] [stdout] 
[INFO] [stdout] For more information about an error, try `rustc --explain E0412`.
[INFO] [stdout] 
[INFO] [stderr] error: could not compile `cassandra_lib_myself`.
[INFO] [stderr] 
[INFO] [stderr] To learn more, run the command again with --verbose.
[INFO] [stderr] warning: build failed, waiting for other jobs to finish...
[INFO] [stdout] error: aborting due to 21 previous errors
[INFO] [stdout] 
[INFO] [stdout] 
[INFO] [stdout] Some errors have detailed explanations: E0412, E0425, E0432, E0433.
[INFO] [stdout] 
[INFO] [stdout] For more information about an error, try `rustc --explain E0412`.
[INFO] [stdout] 
[INFO] [stderr] error: build failed
[INFO] running `Command { std: "docker" "inspect" "2cc29b51fb4f8e0bed4ab8ad217ded9a662a99c29d8ea83dca78fdba8354e895", kill_on_drop: false }`
[INFO] running `Command { std: "docker" "rm" "-f" "2cc29b51fb4f8e0bed4ab8ad217ded9a662a99c29d8ea83dca78fdba8354e895", kill_on_drop: false }`
[INFO] [stdout] 2cc29b51fb4f8e0bed4ab8ad217ded9a662a99c29d8ea83dca78fdba8354e895
